 + x. What is the highest common divisor of 49 and w?
7
Let u(g) = 33*g - 9. Let r be u(6). Suppose 8*x + 84 = 3*h + 9*x, h - 2*x - 21 = 0. What is the greatest common factor of r and h?
27
Let b = 31 - 12. Let u = b + -4. Calculate the greatest common divisor of u and 15.
15
Suppose -4*q = -0 - 12. Suppose -j = u - 10, u - 1 = -q*j + 17. What is the greatest common factor of u and 12?
6
Let c = -14 - -7. Let v(l) = -2*l + 6. Let m be v(c). What is the greatest common divisor of m and 4?
4
Let m be (-3*3/(-18))/((-2)/(-56)). What is the highest common factor of 28 and m?
14
Suppose 0 = z - 6*z - 4*q - 15, -2*z + 12 = -2*q. Let x be (2/z)/(12/90). Let i(s) = 30*s. Let u be i(4). What is the highest common divisor of u and x?
15
Let o(k) = -k**2 - 25*k - 45. Let j be o(-23). Let g be (-45)/j*64/(-40). What is the greatest common divisor of g and 8?
8
Let y(t) = -151*t - 437. Let j be y(-7). What is the greatest common factor of j and 124?
124
Suppose -4*o + 2*k + 216 = -2*k, 0 = -o - k + 58. Let v(r) = r**3 + r**2 + r + 280. Let h be v(0). What is the greatest common divisor of o and h?
56
Suppose 5*f = -m + 1, 3*m = -m + 3*f - 19. Let l(a) = -13*a + 8. Let w be l(m). Let o be 220/18 - (-6)/(-27). What is the highest common factor of w and o?
12
Suppose 3*d + 2297 = 2396. What is the greatest common factor of d and 11?
11
Suppose -15*x + 12*x + 6 = 0. Suppose 0 = 4*m + 2*j - 12, 6 = 3*m + 2*j - 2. Calculate the highest common factor of x and m.
2
Let n be 14/(1*(-2)/(-3)). Suppose -22*x + 3776 = -6*x. Suppose -2*i = 152 - x. What is the greatest common divisor of i and n?
21
Let u = -49 + 73. Suppose -p = 3*z - u, -z + 64 = 7*p - 4*p. What is the highest common divisor of 7 and p?
7
Suppose 4*u - 3*w - 108 = 0, -5*u = -0*u + 2*w - 112. Let s = 234 + -180. Suppose 11*o = -7*o + s. Calculate the highest common divisor of o and u.
3
Let u = -36 - -58. Suppose -51*o = -48*o - 12. Let t be ((-4)/(-2))/4*o. Calculate the highest common divisor of u and t.
2
Let q = 7 - 9. Let j = -13 + -6. Let i = q - j. What is the highest common divisor of 136 and i?
17
Let q(o) = 137*o + 21. Let w be q(3). Calculate the highest common factor of w and 96.
48
Let q = -13978 + 14176. Suppose 25 = 4*y + 65. Let g be (-4)/y + 88/5. What is the greatest common factor of g and q?
18
Let n be 15/9 + (-4)/6. Let k = -416 + 766. Let w be 4/(-22) + k/110. Calculate the greatest common factor of n and w.
1
Let w(u) = 16*u + 2. Let b be w(4). Suppose -7*p + 42 = -1029. Let y = -109 + p. What is the highest common divisor of y and b?
22
Let v = 430 - 374. Calculate the highest common factor of v and 16.
8
Let b(m) = -10*m**2 + 2*m**3 + 24 - m**3 - 20 + 13*m. Let c be b(9). Let h = 31 + 29. Calculate the greatest common factor of c and h.
20
Suppose 0*w = -6*w + 54. Let b(r) = r**2 - 7*r - 6. Let s be b(w). Calculate the greatest common factor of s and 6.
6
Suppose -39*g = -24*g - 9540. What is the greatest common factor of g and 12?
12
Let z = 81 + -43. Let f = z - 12. What is the greatest common factor of f and 52?
26
Let u = 116 - 98. Calculate the greatest common divisor of u and 2.
2
Let v be 3602/8 - ((-15)/12)/(-5). Calculate the greatest common factor of 18 and v.
18
Suppose -19*w + 22*w = -72. Let i = -21 - w. Suppose -i*t + 3*b + 17 = 5*b, t + 1 = b. Calculate the greatest common divisor of 9 and t.
3
Let q be 5/(2 + 195/(-99)). Let s(w) = 4*w**2 + w + 1. Let y be s(-2). What is the greatest common factor of y and q?
15
Let t(v) = 98 + 510*v - 34 - 514*v. Let d be t(15). Calculate the highest common divisor of d and 8.
4
Suppose 7*n = -0*n + 140. Calculate the greatest common factor of n and 4.
4
Let x = 196 + -190. Calculate the highest common factor of 9 and x.
3
Let v be 21595/385 - (2/1)/22. Calculate the greatest common divisor of 140 and v.
28
Let v(k) = 4*k**2 - 25*k + 4. Let y be v(8). What is the highest common divisor of y and 420?
60
Let q(o) = 2*o**2 - 33*o + 75. Let m be q(15). What is the highest common divisor of 24 and m?
6
Let h(s) = s**2 - 16*s + 47. Let b be h(11). Let u be (-9)/(36/b) - -22. Calculate the greatest common factor of u and 96.
24
Suppose 2*g = 5*c + 84, 5*g = -3*c - 1 - 68. Let l = -6 - c. What is the greatest common factor of 12 and l?
12
Let u(k) = k**2 - 13*k + 28. Let m be u(11). Suppose -m*i = -5*i - 10. What is the greatest common factor of i and 5?
5
Let q be (8/(-10))/(5/(-25)). Let g be (-160)/12*6/4. Let a be (210/75)/((-2)/g). What is the highest common factor of q and a?
4
Let r = -10 - 107. Suppose -h + 309 = 4*z - 608, -2*h = -2*z + 456. Let y = z + r. Calculate the highest common divisor of 14 and y.
14
Let b be (8/12)/(4209/(-1404) + 3). Calculate the highest common factor of 39 and b.
39
Let p = -118 - -238. Calculate the greatest common factor of p and 160.
40
Suppose 55 = 4*f - o, -5*o - 8 = 7. Suppose -5*b + f = -4*b. Calculate the greatest common factor of 65 and b.
13
Suppose 13*w - 8*w + 2*q = 960, 0 = -3*w + q + 576. Calculate the highest common factor of w and 156.
12
Let r(d) = -d + 31. Let t be r(17). Calculate the highest common divisor of 56 and t.
14
Suppose 69 + 15 = 6*u. Suppose -11*o + u*o = 132. What is the greatest common factor of 440 and o?
44
Suppose 6*o - 8*o + 16 = 0. Suppose 0 = 3*w + u - o, 0 = -2*w - 2*u - 0*u + 8. Calculate the highest common divisor of w and 16.
2
Let b be (-3)/(-1)*(-280)/(-15). Let p be ((-106)/(-3) + 5/(-15))*4. Calculate the highest common factor of b and p.
28
Let l be (0 - -1)/((-4)/72). Let j = 37 + l. What is the greatest common factor of j and 133?
19
Let f(k) be the third derivative of 0*k - 1/12*k**4 - 3*k**2 + 0 - 2*k**3. Let l be f(-11). What is the highest common divisor of 50 and l?
10
Let x be 12/((3 + -2)*1). Let a(i) = i**3 + 7*i**2 - 6*i - 3. Let u be a(-4). Let o = u - 33. Calculate the highest common factor of o and x.
12
Let c be 4/6 + 712/12. Suppose 3*h - c = -h. Let d = 42 - h. Calculate the highest common factor of d and 3.
3
Let w = 29 - 21. Let i(n) be the first derivative of n**4/4 + 5*n**3/3 + 2*n**2 + 2*n - 17. Let f be i(-3). What is the highest common factor of f and w?
8
Let q be ((-11)/4)/((-23)/276). Calculate the greatest common divisor of 726 and q.
33
Let n be 9 - (-10)/(30/(-63)). Let i = 6 + 2. Let w be 318/i + (-3)/n. What is the greatest common divisor of 8 and w?
8
Let d(y) = -y**3 - 28*y**2 + 2*y + 65. Let b be d(-28). Calculate the highest common divisor of b and 441.
9
Let n = 1 + -5. Suppose 2 = -8*l + 6*l + 2*q, 2*q = -4*l - 16. Let x be (-26)/(-3) + n/l. Calculate the greatest common factor of 15 and x.
5
Let q be (32/(-48) - 152/(-3))/2. Calculate the greatest common factor of q and 10.
5
Suppose 0 = -4*f + 82 + 14. Suppose 4*k = -2*k + f. Suppose k*p + 3*l - 71 = 0, -4*p - 2*l + 81 = 3*l. What is the highest common factor of 154 and p?
14
Suppose -5*r = b - 28 - 23, 2*b - 47 = -5*r. Let g = 76 + -54. What is the highest common factor of r and g?
11
Let o(l) = -23 - l + 30 + 0*l. Let t be o(7). Let s be t - -1 - (-30 + -14). Calculate the greatest common factor of s and 15.
15
Let g be -8*2*(-20 - -11). Calculate the highest common factor of 324 and g.
36
Let w be (-29094)/(-169) - 2/13. What is the greatest common divisor of w and 387?
43
Suppose 2 + 88 = 6*o. Let p(t) = -166*t**2 - 2*t - 1. Let k be p(-1). Let w be (k/(-2))/(2/4). What is the greatest common factor of o and w?
15
Let s(j) = j**2 + 3*j + 12. Let x be s(-10). What is the greatest common divisor of 369 and x?
41
Let v(o) = 5*o**2 - 15*o + 38. Let k be v(4). What is the greatest common factor of 1102 and k?
58
Suppose 5*b = 5*d - 425, 0*b - 354 = -4*d - 3*b. Calculate the highest common factor of 3 and d.
3
Suppose d + 3*x - 1 = 0, -3*x - 7 = -2*d + 13. What is the greatest common factor of 168 and d?
7
Let w(b) = b + 4. Let x be w(-4). Let c be (45 - x)*(4 + -3). Let n be 15/(-2)*(-14 - -12). Calculate the greatest common factor of n and c.
15
Suppose 40*j = 39*j - 10. Let b(h) = -2*h + 19. Let r(l) = l - 1. Let k(y) = b(y) + 3*r(y). Let z be k(j). Calculate the highest common factor of z and 18.
6
Let x = 108 + -79. What is the greatest common factor of 116 and x?
29
Suppose 13*c - 15 = 8*c. Suppose -2*n + c*b = -47, 3*n - 19 = 3*b + 56. What is the high